?
20
Let q(i) = -5*i**2 + 235*i + 930. Give q(-4).
-90
Let z(n) = -n**3 + 104*n**2 - 793*n + 71074. Determine z(103).
4
Let s(i) = -2210444*i + 8841792. What is s(4)?
16
Let n(p) = -2*p**2 - 199*p - 1445. What is n(-8)?
19
Let j(l) = -706*l - 30265. Determine j(-43).
93
Let d(l) = -5*l**2 + 11114*l - 77757. Calculate d(7).
-204
Let u(b) = -2*b**3 - 91*b**2 + 57*b - 273. What is u(-46)?
-779
Let l(i) = i**3 - 267*i**2 - 271*i + 1152. Calculate l(268).
348
Let q(r) = 2*r**2 + 34*r - 139. Give q(-19).
-63
Let u(h) = h**2 - 2374*h + 77319. Calculate u(33).
66
Let n(o) = -o**2 - 154*o - 3600. Determine n(-40).
960
Let g(w) = -w**2 - 40*w + 3804. Determine g(-86).
-152
Let o(a) = 5*a**2 - 1320*a - 5332. Determine o(-4).
28
Let k(l) = 197*l - 3983. What is k(20)?
-43
Let j(k) = 2*k**2 - 12*k - 17673. Calculate j(97).
-19
Let g(u) = 12330*u + 49368. Give g(-4).
48
Let j(y) = 6920*y - 27981. Calculate j(4).
-301
Let w(x) = -x**3 + 142*x**2 - 3191*x + 9859. Give w(115).
-31
Let i(t) = -30994*t + 185903. What is i(6)?
-61
Let k(m) = -2*m**3 - 1088*m**2 - 19942*m + 4192. Determine k(-525).
-8
Let f(c) = 4326*c - 116855. Calculate f(27).
-53
Let v(q) = 14*q - 363. Calculate v(-6).
-447
Let d(b) = -b**3 + 187*b**2 - 126*b - 45144. Give d(185).
-4
Let t(z) = -11*z**3 - 70*z**2 - 236*z - 1246. Determine t(-6).
26
Let s(x) = 5*x**2 - 1464*x - 179863. What is s(386)?
13
Let c(f) = -39*f + 233. Determine c(6).
-1
Let c(x) = -x**2 + 596*x + 16206. Calculate c(-26).
34
Let v(z) = 145531*z + 7567612. What is v(-52)?
0
Let x(f) = 18*f**2 - 1802*f + 8740. What is x(95)?
0
Let d(b) = 205*b + 13926. Give d(-68).
-14
Let b(i) = 87*i**2 - 1045*i - 1441. Determine b(13).
-323
Let g(t) = -t**2 + 154*t - 2101. What is g(139)?
-16
Let y(g) = 1333*g - 1342. Determine y(1).
-9
Let d(k) = -2*k**3 + 122*k**2 - 139*k + 631. Determine d(60).
-509
Let z(j) = 50*j**2 + 404*j + 686. Give z(-5).
-84
Let b(h) = 131*h**2 - 427*h - 49. Give b(5).
1091
Let y(i) = -3492*i - 1002259. Calculate y(-287).
-55
Let p(x) = -177641*x - 177696. Determine p(-1).
-55
Let x(d) = -10751*d + 1225687. Calculate x(114).
73
Let l(z) = -984*z + 62095. What is l(63)?
103
Let z(c) = -420*c**2 + 28135*c + 329. Calculate z(67).
-6
Let c(a) = a**3 - 72*a**2 + 1044*a + 405. Give c(21).
-162
Let q(y) = -86894*y - 1042498. Give q(-12).
230
Let v(l) = 27*l**3 + 966*l**2 - 235*l - 698. Determine v(-36).
-14
Let r(h) = -1047*h - 847. Determine r(-1).
200
Let x(z) = 1267*z + 20256. Determine x(-16).
-16
Let m(u) = u**2 - 526*u + 12568. Determine m(25).
43
Let g(n) = 2789*n - 139481. What is g(50)?
-31
Let s(v) = -3*v**2 + 583*v - 9989. Calculate s(19).
5
Let u(b) = b**3 + 6*b**2 - 31*b - 155. What is u(-11)?
-419
Let u(l) = 3*l**2 + 48*l - 10120. Give u(53).
851
Let r(m) = -751*m - 28154. Calculate r(-37).
-367
Let a(v) = -v**3 + 848*v**2 + 330026*v - 6832. What is a(1138)?
-4
Let i(h) = -138*h - 9416. What is i(-68)?
-32
Let x(y) = 45*y**2 + 943*y - 141. What is x(-21)?
-99
Let m(u) = 2733*u - 504. Determine m(1).
2229
Let a(m) = 188675*m + 21. Calculate a(0).
21
Let z(h) = -16*h**2 - 9*h + 1503. Determine z(0).
1503
Let x(u) = -486*u**2 - 1972*u - 107. What is x(-4)?
5
Let v(a) = -2*a**3 - 612*a**2 - 9283*a - 346. Give v(-290).
524
Let w(m) = m**3 + 78*m**2 + 1412*m - 435. Determine w(-49).
6
Let x(o) = 2*o**2 + 1056*o - 20777. What is x(19)?
9
Let t(m) = -1994*m**3 + 5*m**2 - 25*m + 22. What is t(1)?
-1992
Let q(b) = 84*b**2 - 168*b - 1977. Determine q(-4).
39
Let p(z) = -14*z**2 - 562*z + 95396. Determine p(-105).
56
Let n(o) = -o**2 - 5516*o + 194286. Determine n(35).
1
Let c(j) = 14*j**2 - 631*j + 5515. Give c(12).
-41
Let z(x) = -14*x**2 + 100*x + 187. What is z(10)?
-213
Let h(l) = -714219*l + 4285315. Give h(6).
1
Let b(z) = 2*z**3 + 16*z**2 + 4906*z + 54700. Give b(-11).
8
Let r(l) = -13*l + 2202. What is r(215)?
-593
Let b(h) = 869*h**2 - 807*h - 23. Determine b(1).
39
Let y(w) = w**3 + w**2 - 193*w + 2. Give y(-16).
-750
Let n(j) = 1780*j - 12152. Determine n(7).
308
Let j(m) = m**3 + 31*m**2 + 60*m + 903. Determine j(-30).
3
Let d(p) = 1018*p - 8056. Determine d(8).
88
Let i(d) = -40*d + 597. What is i(-2)?
677
Let m(j) = 22*j - 684. What is m(8)?
-508
Let t(m) = -1287*m + 5393. Give t(6).
-2329
Let r(n) = 18*n**2 - 253*n + 140. Give r(15).
395
Let n(z) = 14*z**2 - 175*z - 1062. Give n(-6).
492
Let v(f) = -2645*f - 402564. Calculate v(-152).
-524
Let v(f) = -f**3 + 624*f**2 - 1212*f - 70. Determine v(2).
-6
Let z(t) = -t**3 - 34*t**2 - 173*t - 215. Determine z(-29).
597
Let b(s) = 55*s**2 + 3417*s + 634. Determine b(-62).
200
Let z(w) = w**3 - 3*w**2 - 99*w + 505. Calculate z(5).
60
Let d(w) = 252*w - 81256. Calculate d(323).
140
Let v(y) = -y**3 + 16*y**2 + 3937*y - 59032. Give v(15).
248
Let h(g) = 294*g - 19705. What is h(67)?
-7
Let y(f) = -2*f**3 + 31*f**2 - 89*f + 4158. Determine y(19).
-60
Let t(i) = 5*i**3 + 25*i**2 - 424*i + 1000. Determine t(3).
88
Let j(n) = 18788*n - 37568. Calculate j(2).
8
Let k(j) = -12842*j - 937564. Give k(-73).
-98
Let w(d) = -11540*d + 69442. Give w(6).
202
Let g(h) = 510*h + 1524. Give g(-3).
-6
Let a(n) = n**3 + 34*n**2 - 2832*n + 1099. Calculate a(-73).
4
Let r(i) = 10*i**2 - 154*i - 51672. What is r(80)?
8
Let x(z) = -1185*z - 22501. Give x(-19).
14
Let u(t) = -2*t**3 - 184*t**2 + 381*t + 502. Determine u(-94).
32
Let f(m) = -m**3 + 41*m**2 + 19*m + 1273. What is f(42)?
307
Let q(f) = 48712*f - 3945697. What is q(81)?
-25
Let z(v) = -v**2 + 1751*v - 713521. Give z(645).
-151
Let o(h) = 109569*h - 438269. What is o(4)?
7
Let w(r) = 75*r - 1459. Give w(39).
1466
Let w(r) = r**3 - 64*r**2 - 469*r + 17952. Calculate w(67).
-4
Let p(t) = -235*t + 995. Give p(1).
760
Let p(g) = g**2 - 1993*g + 103008. What is p(53)?
188
Let g(o) = o**3 - 626*o**2 + 4324*o + 52. Give g(7).
-11
Let j(q) = q**3 - 112*q**2 + 328*q - 23972. What is j(111)?
115
Let w(b) = -2*b**2 - 70*b + 2479. What is w(-57)?
-29
Let c(y) = -51*y - 1984. Give c(3).
-2137
Let p(v) = -35*v**3 + 65*v**2 + 58*v - 100. Determine p(2).
-4
Let m(a) = 2687*a - 110189. Give m(41).
-22
Let o(x) = -x**2 - 1024*x + 7198. Calculate o(7).
-19
Let j(r) = -r**2 + 56*r + 646. What is j(100)?
-3754
Let o(q) = -1157014*q + 2. Give o(0).
2
Let v(f) = f**2 + 74*f - 300. Give v(-73).
-373
Let l(c) = 22462*c - 65958. Determine l(3).
1428
Let o(a) = -3681*a - 386503. Give o(-105).
2
Let w(k) = 39*k**2 + 43*k - 87. Calculate w(3).
393
Let j(t) = t**3 + 16*t**2 - 173*t + 442. Determine j(-24).
-14
Let q(y) = 22310*y + 200784. Determine q(-9).
-6
Let f(h) = 11279*h + 225598. Calculate f(-20).
18
Let n(g) = -7*g**3 + g**2 + 84*g + 14. Calculate n(0).
14
Let n(j) = -903*j - 1050. Determine n(-1).
-147
Let x(y) = -2*y**2 - 3309*y + 87608. Give x(26).
222
Let w(t) = 18930*t - 37254. Determine w(2).
606
Let p(w) = w**2 + 251*w + 12292. Determine p(-109).
-3186
Let s(q) = -5*q**2 - 39504*q + 158004. What is s(4)?
-92
Let m(g) = -g**2 - 775*g - 34771. Calculate m(-48).
125
Let x(f) = f**3 + 172*f**2 + 4510*f + 2767. Give x(-140).
-1433
Let w(u) = 6*u**2 - 193*u + 1486. Calculate w(11).
89
Let u(g) = -1337*g + 509393. Determine u(381).
-4
Let c(v) = -5*v**2 - 7*v - 71. Give c(-8).
-335
Let t(w) = 4741*w - 47182. Determine t(10).
228
Let p(t) = 8*t**3 + 192*t**2 - 419*t - 34. Give p(-26).
44
Let d(c) = -92*c - 1315. Calculate d(-16).
157
Let z(s) = 5*s**2 - 1636*s - 11245. Give z(334).
111
Let m(l) = -2*l**2 + 128*l + 5985. Give m(-33).
-417
Let t(k) = 116*k**2 + 79209*k + 79208. Calculate t(-1).
115
Let b(q) = -q**2 - 166*q - 2988. Calculate b(-140).
652
Let y(u) = 3040*u**2 - 221920*u + 35. Determine y(73).
35
Let p(c) = 2855*c - 159890. Calculate p(56).
-10
Let d(z) = 7010*z - 392555. What is d(56)?
5
Let q(u) = -3*u**2 - 1154*u + 156059. What is q(106)?
27
Let t(k) = -k**2 + 90*k + 1944. What is t(103)?
605
Let x(p) = p**2 - 44*p + 273. Determine x(8).
-15
Let q(r) = 3*r**2 + 851*r - 4634. Give q(-289).
-10
Let p(m) = m**2 - 3186*m - 31933. What is p(-10)?
27
Let h(p) = p**3 - 314*p**2 - 620*p - 3851. Give h(316).
-59
Let y(j) = -3*j**3 + 3363*j**2 - 26731*j + 21146. Calculate y(1113).
-1
Let v(c) = -3*c**2 - 271*c - 1282. Calculate v(-5).
-2
Let v(z) = -1959*z - 3152039. Calculate v(-1609).
-8
Let s(p) = -10*p**2 - 697*p + 894. Determin